{"id":226,"date":"2013-11-08T11:36:40","date_gmt":"2013-11-08T10:36:40","guid":{"rendered":"http:\/\/msv-dorsten.de\/?page_id=226"},"modified":"2018-12-21T23:58:08","modified_gmt":"2018-12-21T22:58:08","slug":"startseite","status":"publish","type":"page","link":"https:\/\/msv-dorsten.de\/","title":{"rendered":"Mariener Sport Verein Dorsten 1977 e.V."},"content":{"rendered":"<p><img loading=\"lazy\" decoding=\"async\" class=\"wp-image-1118 alignnone\" style=\"border: 0px solid #000000;\" src=\"http:\/\/msv-dorsten.de\/wp-content\/uploads\/2013\/11\/msv-logo.jpg\" alt=\"\" width=\"182\" height=\"153\" srcset=\"https:\/\/msv-dorsten.de\/wp-content\/uploads\/2013\/11\/msv-logo.jpg 821w, https:\/\/msv-dorsten.de\/wp-content\/uploads\/2013\/11\/msv-logo-300x250.jpg 300w, https:\/\/msv-dorsten.de\/wp-content\/uploads\/2013\/11\/msv-logo-768x640.jpg 768w, https:\/\/msv-dorsten.de\/wp-content\/uploads\/2013\/11\/msv-logo-360x300.jpg 360w\" sizes=\"(max-width: 182px) 100vw, 182px\" \/><img loading=\"lazy\" decoding=\"async\" class=\"wp-image-1259 alignnone\" style=\"border: 0px solid #000000;\" src=\"http:\/\/msv-dorsten.de\/wp-content\/uploads\/2018\/12\/marienviertel-wappen-msv1-300x300.png\" alt=\"\" width=\"153\" height=\"153\" srcset=\"https:\/\/msv-dorsten.de\/wp-content\/uploads\/2018\/12\/marienviertel-wappen-msv1-300x300.png 300w, https:\/\/msv-dorsten.de\/wp-content\/uploads\/2018\/12\/marienviertel-wappen-msv1-150x150.png 150w, https:\/\/msv-dorsten.de\/wp-content\/uploads\/2018\/12\/marienviertel-wappen-msv1.png 515w\" sizes=\"(max-width: 153px) 100vw, 153px\" \/><\/p>\n<p style=\"text-align: center;\">Gerne kannst du bei uns st\u00f6bern, um zu sehen, was in den letzten Jahren alles so\u00a0passiert ist. Vielleicht warst\u00a0du\u00a0ja\u00a0dabei, vielleicht hast du auch nur davon geh\u00f6rt.<\/p>\n<p style=\"text-align: center;\">Wir w\u00fcnschen viel Spa\u00df beim Lesen, Betrachten und Staunen.<\/p>\n<p style=\"text-align: left;\"><img loading=\"lazy\" decoding=\"async\" class=\"alignnone size-full wp-image-1123\" src=\"http:\/\/msv-dorsten.de\/wp-content\/uploads\/2013\/11\/MSV-40.jpg\" alt=\"\" width=\"2413\" height=\"1370\" srcset=\"https:\/\/msv-dorsten.de\/wp-content\/uploads\/2013\/11\/MSV-40.jpg 2413w, https:\/\/msv-dorsten.de\/wp-content\/uploads\/2013\/11\/MSV-40-300x170.jpg 300w, https:\/\/msv-dorsten.de\/wp-content\/uploads\/2013\/11\/MSV-40-768x436.jpg 768w, https:\/\/msv-dorsten.de\/wp-content\/uploads\/2013\/11\/MSV-40-1024x581.jpg 1024w, https:\/\/msv-dorsten.de\/wp-content\/uploads\/2013\/11\/MSV-40-500x284.jpg 500w\" sizes=\"(max-width: 2413px) 100vw, 2413px\" \/><\/p>\n<p style=\"text-align: left;\"><strong>\u201eFu\u00dfball ist das Heraustreten aus dem versklavten Ernst des Alltags in den freien Ernst dessen,<\/strong> <strong>was nicht sein muss und deshalb so sch\u00f6n ist.\u201c\u00a0\u00a0 <\/strong><\/p>\n<p style=\"text-align: left;\">Brilliante Analyse von Papst Benedikt XVI. im Juni 2006<\/p>\n","protected":false},"excerpt":{"rendered":"<p>Gerne kannst du bei uns st\u00f6bern, um zu sehen, was in den letzten Jahren alles so\u00a0passiert ist. Vielleicht warst\u00a0du\u00a0ja\u00a0dabei, vielleicht hast du auch nur davon geh\u00f6rt. Wir w\u00fcnschen viel Spa\u00df beim Lesen, Betrachten und Staunen. \u201eFu\u00dfball ist das Heraustreten aus &hellip; <a href=\"https:\/\/msv-dorsten.de\/\">Weiterlesen <span class=\"meta-nav\">&rarr;<\/span><\/a><\/p>\n","protected":false},"author":1,"featured_media":0,"parent":0,"menu_order":0,"comment_status":"closed","ping_status":"closed","template":"sidebar-page.php","meta":{"footnotes":""},"_links":{"self":[{"href":"https:\/\/msv-dorsten.de\/index.php?rest_route=\/wp\/v2\/pages\/226"}],"collection":[{"href":"https:\/\/msv-dorsten.de\/index.php?rest_route=\/wp\/v2\/pages"}],"about":[{"href":"https:\/\/msv-dorsten.de\/index.php?rest_route=\/wp\/v2\/types\/page"}],"author":[{"embeddable":true,"href":"https:\/\/msv-dorsten.de\/index.php?rest_route=\/wp\/v2\/users\/1"}],"replies":[{"embeddable":true,"href":"https:\/\/msv-dorsten.de\/index.php?rest_route=%2Fwp%2Fv2%2Fcomments&post=226"}],"version-history":[{"count":71,"href":"https:\/\/msv-dorsten.de\/index.php?rest_route=\/wp\/v2\/pages\/226\/revisions"}],"predecessor-version":[{"id":1268,"href":"https:\/\/msv-dorsten.de\/index.php?rest_route=\/wp\/v2\/pages\/226\/revisions\/1268"}],"wp:attachment":[{"href":"https:\/\/msv-dorsten.de\/index.php?rest_route=%2Fwp%2Fv2%2Fmedia&parent=226"}],"curies":[{"name":"wp","href":"https:\/\/api.w.org\/{rel}","templated":true}]}}